{"id":1836,"date":"2024-04-22T14:46:26","date_gmt":"2024-04-22T12:46:26","guid":{"rendered":"https:\/\/www.steinmannverlag.de\/wordpress\/?page_id=1836"},"modified":"2024-04-22T14:55:46","modified_gmt":"2024-04-22T12:55:46","slug":"ueber-uns","status":"publish","type":"page","link":"https:\/\/www.steinmannverlag.de\/wordpress\/ueber-uns\/","title":{"rendered":"\u00dcber uns"},"content":{"rendered":"\n<p style=\"text-align: left;\">Wenn man eine Sehnsucht in sich sp\u00fcrt, kann man daf\u00fcr in jungen Jahren oft nicht die richtigen Worte finden. Das, was man empfindet, ist eher eine Ahnung \u2013 noch nicht wirklich fassbar. So ist es mir mit meiner Liebe zur Sprache und zu B\u00fcchern ergangen. Erst langsam kamen die Wahrnehmung und Umsetzung hinzu. Ich habe verstanden, dass ich mich auf den Weg der \u201eTexte\u201c begeben m\u00f6chte, ja, muss: als Leser, als Schreiber, als \u201eBuchmacher\u201c. F\u00fcr damalige Verh\u00e4ltnisse (vor fast 50 Jahren) sehr ungew\u00f6hnlich hat mein Bruder, Friedel Steinmann, f\u00fcr seine Examensarbeit in Kunst und ev. Theologie ein Bibelcomicbuch \u00fcber die alttestamentliche Jona-Figur gestaltet. Daraus entwickelte sich mehr. Wir haben gemeinsam an neuen Geschichten gearbeitet und das Medium Comic als seri\u00f6ses Mittel der Hermeneutik biblischer und Sinn stiftendender Inhalte verstanden. Der theologische Verlag STEINMANN &amp; STEINMANN entstand. <br \/>Dann trat, vor dem Hintergrund meines Studiums und der T\u00e4tigkeit an der Universit\u00e4t Hamburg, die Theologie in ihrer wissenschaftlichen Form ins Blickfeld \u2013 wobei das Anliegen, Theologie zu erkl\u00e4ren und verst\u00e4ndlich zu machen, weiterhin verlegerischer Schwerpunkt blieb. Es wurden die Buchreihen \u201eHamburger Theologische Studien\u201c und \u201eKirche in der Stadt\u201c ins Leben gerufen. Erste Erfolge stellten sich ein. Wir landeten auf der Frankfurter Buchmesse. Das war Ende der 1980er Jahre. Der Verlag nahm Gestalt an. Aber konnten zwei Familien davon leben? <br \/>Das erwies sich als schwierig. Wir mussten umschwenken. Mein Bruder ging als Graphiker zur WAZ nach Essen. Ich wurde evangelischer Pastor in der Ev.-Luth. Nordkirche. Der Verlag wurde im Stand-by-Modus betrieben. Erst die modernen digitalen M\u00f6glichkeiten er\u00f6ffneten neue verlegerische Wege, die eine langsame, aber kontinuierliche Umsetzung des Cicerowortes und Verlagsmottos \u201eLitteras amamus\u201c wieder m\u00f6glich machten. Das Theologische \u2013 ein Herzensanliegen des Verlages \u2013 wird zuk\u00fcnftig wichtig bleiben, aber auch die philo\u00ad\u00adsophi\u00adschen, psychologischen und erz\u00e4hlerischen Linien in Form von Fachbuch, Roman oder Biographie sollen verst\u00e4rkt ihren Platz finden.<\/p>\n<p style=\"text-align: left;\">Werner Steinmann<\/p>\n","protected":false},"excerpt":{"rendered":"<p>Wenn man eine Sehnsucht in sich sp\u00fcrt, kann man daf\u00fcr in jungen Jahren oft nicht die richtigen Worte finden. Das, was man empfindet, ist eher eine Ahnung \u2013 noch nicht wirklich fassbar. So ist es mir mit meiner Liebe zur Sprache und zu B\u00fcchern ergangen. Erst langsam kamen die Wahrnehmung und Umsetzung hinzu. Ich habe verstanden, dass ich mich auf den Weg der \u201eTexte\u201c begeben m\u00f6chte, ja, muss: als Leser, als Schreiber, als \u201eBuchmacher\u201c. F\u00fcr damalige Verh\u00e4ltnisse (vor fast 50&#8230;<\/p>\n<p class=\"read-more\"><a class=\"btn btn-default\" href=\"https:\/\/www.steinmannverlag.de\/wordpress\/ueber-uns\/\">Weiterlesen<span class=\"screen-reader-text\"> Weiterlesen<\/span><\/a><\/p>\n","protected":false},"author":1,"featured_media":0,"parent":0,"menu_order":0,"comment_status":"closed","ping_status":"closed","template":"","meta":[],"yoast_head":"<!-- This site is optimized with the Yoast SEO plugin v20.1 - https:\/\/yoast.com\/wordpress\/plugins\/seo\/ -->\n<title>\u00dcber uns - Steinmann Verlag<\/title>\n<meta name=\"robots\" content=\"index, follow, max-snippet:-1, max-image-preview:large, max-video-preview:-1\" \/>\n<link rel=\"canonical\" href=\"https:\/\/www.steinmannverlag.de\/wordpress\/ueber-uns\/\" \/>\n<meta property=\"og:locale\" content=\"de_DE\" \/>\n<meta property=\"og:type\" content=\"article\" \/>\n<meta property=\"og:title\" content=\"\u00dcber uns - Steinmann Verlag\" \/>\n<meta property=\"og:description\" content=\"Wenn man eine Sehnsucht in sich sp\u00fcrt, kann man daf\u00fcr in jungen Jahren oft nicht die richtigen Worte finden. Das, was man empfindet, ist eher eine Ahnung \u2013 noch nicht wirklich fassbar. So ist es mir mit meiner Liebe zur Sprache und zu B\u00fcchern ergangen. Erst langsam kamen die Wahrnehmung und Umsetzung hinzu. Ich habe verstanden, dass ich mich auf den Weg der \u201eTexte\u201c begeben m\u00f6chte, ja, muss: als Leser, als Schreiber, als \u201eBuchmacher\u201c. F\u00fcr damalige Verh\u00e4ltnisse (vor fast 50...Weiterlesen Weiterlesen\" \/>\n<meta property=\"og:url\" content=\"https:\/\/www.steinmannverlag.de\/wordpress\/ueber-uns\/\" \/>\n<meta property=\"og:site_name\" content=\"Steinmann Verlag\" \/>\n<meta property=\"article:modified_time\" content=\"2024-04-22T12:55:46+00:00\" \/>\n<meta name=\"twitter:card\" content=\"summary_large_image\" \/>\n<meta name=\"twitter:label1\" content=\"Gesch\u00e4tzte Lesezeit\" \/>\n\t<meta name=\"twitter:data1\" content=\"2\u00a0Minuten\" \/>\n<script type=\"application\/ld+json\" class=\"yoast-schema-graph\">{\"@context\":\"https:\/\/schema.org\",\"@graph\":[{\"@type\":\"WebPage\",\"@id\":\"https:\/\/www.steinmannverlag.de\/wordpress\/ueber-uns\/\",\"url\":\"https:\/\/www.steinmannverlag.de\/wordpress\/ueber-uns\/\",\"name\":\"\u00dcber uns - Steinmann Verlag\",\"isPartOf\":{\"@id\":\"https:\/\/www.steinmannverlag.de\/wordpress\/#website\"},\"datePublished\":\"2024-04-22T12:46:26+00:00\",\"dateModified\":\"2024-04-22T12:55:46+00:00\",\"breadcrumb\":{\"@id\":\"https:\/\/www.steinmannverlag.de\/wordpress\/ueber-uns\/#breadcrumb\"},\"inLanguage\":\"de\",\"potentialAction\":[{\"@type\":\"ReadAction\",\"target\":[\"https:\/\/www.steinmannverlag.de\/wordpress\/ueber-uns\/\"]}]},{\"@type\":\"BreadcrumbList\",\"@id\":\"https:\/\/www.steinmannverlag.de\/wordpress\/ueber-uns\/#breadcrumb\",\"itemListElement\":[{\"@type\":\"ListItem\",\"position\":1,\"name\":\"Home\",\"item\":\"https:\/\/www.steinmannverlag.de\/wordpress\/\"},{\"@type\":\"ListItem\",\"position\":2,\"name\":\"\u00dcber uns\"}]},{\"@type\":\"WebSite\",\"@id\":\"https:\/\/www.steinmannverlag.de\/wordpress\/#website\",\"url\":\"https:\/\/www.steinmannverlag.de\/wordpress\/\",\"name\":\"Steinmann Verlag\",\"description\":\"Litteras Amamus\",\"potentialAction\":[{\"@type\":\"SearchAction\",\"target\":{\"@type\":\"EntryPoint\",\"urlTemplate\":\"https:\/\/www.steinmannverlag.de\/wordpress\/?s={search_term_string}\"},\"query-input\":\"required name=search_term_string\"}],\"inLanguage\":\"de\"}]}<\/script>\n<!-- \/ Yoast SEO plugin. -->","yoast_head_json":{"title":"\u00dcber uns - Steinmann Verlag","robots":{"index":"index","follow":"follow","max-snippet":"max-snippet:-1","max-image-preview":"max-image-preview:large","max-video-preview":"max-video-preview:-1"},"canonical":"https:\/\/www.steinmannverlag.de\/wordpress\/ueber-uns\/","og_locale":"de_DE","og_type":"article","og_title":"\u00dcber uns - Steinmann Verlag","og_description":"Wenn man eine Sehnsucht in sich sp\u00fcrt, kann man daf\u00fcr in jungen Jahren oft nicht die richtigen Worte finden. Das, was man empfindet, ist eher eine Ahnung \u2013 noch nicht wirklich fassbar. So ist es mir mit meiner Liebe zur Sprache und zu B\u00fcchern ergangen. Erst langsam kamen die Wahrnehmung und Umsetzung hinzu. Ich habe verstanden, dass ich mich auf den Weg der \u201eTexte\u201c begeben m\u00f6chte, ja, muss: als Leser, als Schreiber, als \u201eBuchmacher\u201c. F\u00fcr damalige Verh\u00e4ltnisse (vor fast 50...Weiterlesen Weiterlesen","og_url":"https:\/\/www.steinmannverlag.de\/wordpress\/ueber-uns\/","og_site_name":"Steinmann Verlag","article_modified_time":"2024-04-22T12:55:46+00:00","twitter_card":"summary_large_image","twitter_misc":{"Gesch\u00e4tzte Lesezeit":"2\u00a0Minuten"},"schema":{"@context":"https:\/\/schema.org","@graph":[{"@type":"WebPage","@id":"https:\/\/www.steinmannverlag.de\/wordpress\/ueber-uns\/","url":"https:\/\/www.steinmannverlag.de\/wordpress\/ueber-uns\/","name":"\u00dcber uns - Steinmann Verlag","isPartOf":{"@id":"https:\/\/www.steinmannverlag.de\/wordpress\/#website"},"datePublished":"2024-04-22T12:46:26+00:00","dateModified":"2024-04-22T12:55:46+00:00","breadcrumb":{"@id":"https:\/\/www.steinmannverlag.de\/wordpress\/ueber-uns\/#breadcrumb"},"inLanguage":"de","potentialAction":[{"@type":"ReadAction","target":["https:\/\/www.steinmannverlag.de\/wordpress\/ueber-uns\/"]}]},{"@type":"BreadcrumbList","@id":"https:\/\/www.steinmannverlag.de\/wordpress\/ueber-uns\/#breadcrumb","itemListElement":[{"@type":"ListItem","position":1,"name":"Home","item":"https:\/\/www.steinmannverlag.de\/wordpress\/"},{"@type":"ListItem","position":2,"name":"\u00dcber uns"}]},{"@type":"WebSite","@id":"https:\/\/www.steinmannverlag.de\/wordpress\/#website","url":"https:\/\/www.steinmannverlag.de\/wordpress\/","name":"Steinmann Verlag","description":"Litteras Amamus","potentialAction":[{"@type":"SearchAction","target":{"@type":"EntryPoint","urlTemplate":"https:\/\/www.steinmannverlag.de\/wordpress\/?s={search_term_string}"},"query-input":"required name=search_term_string"}],"inLanguage":"de"}]}},"_links":{"self":[{"href":"https:\/\/www.steinmannverlag.de\/wordpress\/wp-json\/wp\/v2\/pages\/1836"}],"collection":[{"href":"https:\/\/www.steinmannverlag.de\/wordpress\/wp-json\/wp\/v2\/pages"}],"about":[{"href":"https:\/\/www.steinmannverlag.de\/wordpress\/wp-json\/wp\/v2\/types\/page"}],"author":[{"embeddable":true,"href":"https:\/\/www.steinmannverlag.de\/wordpress\/wp-json\/wp\/v2\/users\/1"}],"replies":[{"embeddable":true,"href":"https:\/\/www.steinmannverlag.de\/wordpress\/wp-json\/wp\/v2\/comments?post=1836"}],"version-history":[{"count":6,"href":"https:\/\/www.steinmannverlag.de\/wordpress\/wp-json\/wp\/v2\/pages\/1836\/revisions"}],"predecessor-version":[{"id":1845,"href":"https:\/\/www.steinmannverlag.de\/wordpress\/wp-json\/wp\/v2\/pages\/1836\/revisions\/1845"}],"wp:attachment":[{"href":"https:\/\/www.steinmannverlag.de\/wordpress\/wp-json\/wp\/v2\/media?parent=1836"}],"curies":[{"name":"wp","href":"https:\/\/api.w.org\/{rel}","templated":true}]}}