{"version":"1.0","provider_name":"Steinmann Verlag","provider_url":"https:\/\/www.steinmannverlag.de\/wordpress","author_name":"admin","author_url":"https:\/\/www.steinmannverlag.de\/wordpress\/author\/admin\/","title":"Frank K\u00fcrschner-Pelkmann - Steinmann Verlag","type":"rich","width":600,"height":338,"html":"<blockquote class=\"wp-embedded-content\" data-secret=\"dMjrCmHm7M\"><a href=\"https:\/\/www.steinmannverlag.de\/wordpress\/buecher\/frank-kuerschner-pelkmann\/\">Frank K\u00fcrschner-Pelkmann<\/a><\/blockquote><iframe sandbox=\"allow-scripts\" security=\"restricted\" src=\"https:\/\/www.steinmannverlag.de\/wordpress\/buecher\/frank-kuerschner-pelkmann\/embed\/#?secret=dMjrCmHm7M\" width=\"600\" height=\"338\" title=\"&#8222;Frank K\u00fcrschner-Pelkmann&#8220; &#8211; Steinmann Verlag\" data-secret=\"dMjrCmHm7M\" frameborder=\"0\" marginwidth=\"0\" marginheight=\"0\" scrolling=\"no\" class=\"wp-embedded-content\"><\/iframe><script type=\"text\/javascript\">\n\/*! This file is auto-generated *\/\n!function(c,d){\"use strict\";var e=!1,o=!1;if(d.querySelector)if(c.addEventListener)e=!0;if(c.wp=c.wp||{},c.wp.receiveEmbedMessage);else if(c.wp.receiveEmbedMessage=function(e){var t=e.data;if(!t);else if(!(t.secret||t.message||t.value));else if(\/[^a-zA-Z0-9]\/.test(t.secret));else{for(var r,s,a,i=d.querySelectorAll('iframe[data-secret=\"'+t.secret+'\"]'),n=d.querySelectorAll('blockquote[data-secret=\"'+t.secret+'\"]'),o=new RegExp(\"^https?:$\",\"i\"),l=0;l<n.length;l++)n[l].style.display=\"none\";for(l=0;l<i.length;l++)if(r=i[l],e.source!==r.contentWindow);else{if(r.removeAttribute(\"style\"),\"height\"===t.message){if(1e3<(s=parseInt(t.value,10)))s=1e3;else if(~~s<200)s=200;r.height=s}if(\"link\"===t.message)if(s=d.createElement(\"a\"),a=d.createElement(\"a\"),s.href=r.getAttribute(\"src\"),a.href=t.value,!o.test(a.protocol));else if(a.host===s.host)if(d.activeElement===r)c.top.location.href=t.value}}},e)c.addEventListener(\"message\",c.wp.receiveEmbedMessage,!1),d.addEventListener(\"DOMContentLoaded\",t,!1),c.addEventListener(\"load\",t,!1);function t(){if(o);else{o=!0;for(var e,t,r,s=-1!==navigator.appVersion.indexOf(\"MSIE 10\"),a=!!navigator.userAgent.match(\/Trident.*rv:11\\.\/),i=d.querySelectorAll(\"iframe.wp-embedded-content\"),n=0;n<i.length;n++){if(!(r=(t=i[n]).getAttribute(\"data-secret\")))r=Math.random().toString(36).substr(2,10),t.src+=\"#?secret=\"+r,t.setAttribute(\"data-secret\",r);if(s||a)(e=t.cloneNode(!0)).removeAttribute(\"security\"),t.parentNode.replaceChild(e,t);t.contentWindow.postMessage({message:\"ready\",secret:r},\"*\")}}}}(window,document);\n<\/script>\n","description":"geboren 1949, Studium der F\u00e4cher Wirtschaft, Politik und P\u00e4dagogik an der Universit\u00e4t Hamburg mit dem Abschluss als Diplompolitologe. Es folgten zwei Jahre als freier Journalist und dann vom Dezember 1975 an eine zwanzigj\u00e4hrige T\u00e4tigkeit als Referent im \u201eEvangelischen Missionswerk in Deutschland\u201c (EMW) in Hamburg. Arbeitsschwerpunkte waren dort zun\u00e4chst die Erarbeitung p\u00e4dagogischer Medien und die redaktionelle Betreuung zahlreicher Publikationen zu \u00f6kumenischen und entwicklungspolitischen Themen, darunter einer ganzen Reihe theologischer Ver\u00f6ffentlichungen. Anschlie\u00dfend war er im EMW als Referent f\u00fcr die F\u00f6rderung von...Weiterlesen Weiterlesen"}

Frank Kürschner-Pelkmann - Steinmann Verlag

<blockquote class="wp-embedded-content" data-secret="dMjrCmHm7M"><a href="https://www.steinmannverlag.de/wordpress/buecher/frank-kuerschner-pelkmann/">Frank Kürschner-Pelkmann</a></blockquote><iframe sandbox="allow-scripts" security="restricted" src="https://www.steinmannverlag.de/wordpress/buecher/frank-kuerschner-pelkmann/embed/#?secret=dMjrCmHm7M" width="600" height="338" title="&#8222;Frank Kürschner-Pelkmann&#8220; &#8211; Steinmann Verlag" data-secret="dMjrCmHm7M" frameborder="0" marginwidth="0" marginheight="0" scrolling="no" class="wp-embedded-content"></iframe><script type="text/javascript">
/*! This file is auto-generated */
!function(c,d){"use strict";var e=!1,o=!1;if(d.querySelector)if(c.addEventListener)e=!0;if(c.wp=c.wp||{},c.wp.receiveEmbedMessage);else if(c.wp.receiveEmbedMessage=function(e){var t=e.data;if(!t);else if(!(t.secret||t.message||t.value));else if(/[^a-zA-Z0-9]/.test(t.secret));else{for(var r,s,a,i=d.querySelectorAll('iframe[data-secret="'+t.secret+'"]'),n=d.querySelectorAll('blockquote[data-secret="'+t.secret+'"]'),o=new RegExp("^https?:$","i"),l=0;l<n.length;l++)n[l].style.display="none";for(l=0;l<i.length;l++)if(r=i[l],e.source!==r.contentWindow);else{if(r.removeAttribute("style"),"height"===t.message){if(1e3<(s=parseInt(t.value,10)))s=1e3;else if(~~s<200)s=200;r.height=s}if("link"===t.message)if(s=d.createElement("a"),a=d.createElement("a"),s.href=r.getAttribute("src"),a.href=t.value,!o.test(a.protocol));else if(a.host===s.host)if(d.activeElement===r)c.top.location.href=t.value}}},e)c.addEventListener("message",c.wp.receiveEmbedMessage,!1),d.addEventListener("DOMContentLoaded",t,!1),c.addEventListener("load",t,!1);function t(){if(o);else{o=!0;for(var e,t,r,s=-1!==navigator.appVersion.indexOf("MSIE 10"),a=!!navigator.userAgent.match(/Trident.*rv:11\./),i=d.querySelectorAll("iframe.wp-embedded-content"),n=0;n<i.length;n++){if(!(r=(t=i[n]).getAttribute("data-secret")))r=Math.random().toString(36).substr(2,10),t.src+="#?secret="+r,t.setAttribute("data-secret",r);if(s||a)(e=t.cloneNode(!0)).removeAttribute("security"),t.parentNode.replaceChild(e,t);t.contentWindow.postMessage({message:"ready",secret:r},"*")}}}}(window,document);
</script>

geboren 1949, Studium der Fächer Wirtschaft, Politik und Pädagogik an der Universität Hamburg mit dem Abschluss als Diplompolitologe. Es folgten zwei Jahre als freier Journalist und dann vom Dezember 1975 an eine zwanzigjährige Tätigkeit als Referent im „Evangelischen Missionswerk in Deutschland“ (EMW) in Hamburg. Arbeitsschwerpunkte waren dort zunächst die Erarbeitung pädagogischer Medien und die redaktionelle Betreuung zahlreicher Publikationen zu ökumenischen und entwicklungspolitischen Themen, darunter einer ganzen Reihe theologischer Veröffentlichungen. Anschließend war er im EMW als Referent für die Förderung von...Weiterlesen Weiterlesen
