{"version":"1.0","provider_name":"Steinmann Verlag","provider_url":"https:\/\/www.steinmannverlag.de\/wordpress","author_name":"admin","author_url":"https:\/\/www.steinmannverlag.de\/wordpress\/author\/admin\/","title":"Die Sammler der Erinnerung - Steinmann Verlag","type":"rich","width":600,"height":338,"html":"<blockquote class=\"wp-embedded-content\" data-secret=\"mOAkJGquWW\"><a href=\"https:\/\/www.steinmannverlag.de\/wordpress\/buecher\/die-sammler-der-erinnerung\/\">Die Sammler der Erinnerung<\/a><\/blockquote><iframe sandbox=\"allow-scripts\" security=\"restricted\" src=\"https:\/\/www.steinmannverlag.de\/wordpress\/buecher\/die-sammler-der-erinnerung\/embed\/#?secret=mOAkJGquWW\" width=\"600\" height=\"338\" title=\"&#8222;Die Sammler der Erinnerung&#8220; &#8211; Steinmann Verlag\" data-secret=\"mOAkJGquWW\" frameborder=\"0\" marginwidth=\"0\" marginheight=\"0\" scrolling=\"no\" class=\"wp-embedded-content\"><\/iframe><script type=\"text\/javascript\">\n\/*! This file is auto-generated *\/\n!function(c,d){\"use strict\";var e=!1,o=!1;if(d.querySelector)if(c.addEventListener)e=!0;if(c.wp=c.wp||{},c.wp.receiveEmbedMessage);else if(c.wp.receiveEmbedMessage=function(e){var t=e.data;if(!t);else if(!(t.secret||t.message||t.value));else if(\/[^a-zA-Z0-9]\/.test(t.secret));else{for(var r,s,a,i=d.querySelectorAll('iframe[data-secret=\"'+t.secret+'\"]'),n=d.querySelectorAll('blockquote[data-secret=\"'+t.secret+'\"]'),o=new RegExp(\"^https?:$\",\"i\"),l=0;l<n.length;l++)n[l].style.display=\"none\";for(l=0;l<i.length;l++)if(r=i[l],e.source!==r.contentWindow);else{if(r.removeAttribute(\"style\"),\"height\"===t.message){if(1e3<(s=parseInt(t.value,10)))s=1e3;else if(~~s<200)s=200;r.height=s}if(\"link\"===t.message)if(s=d.createElement(\"a\"),a=d.createElement(\"a\"),s.href=r.getAttribute(\"src\"),a.href=t.value,!o.test(a.protocol));else if(a.host===s.host)if(d.activeElement===r)c.top.location.href=t.value}}},e)c.addEventListener(\"message\",c.wp.receiveEmbedMessage,!1),d.addEventListener(\"DOMContentLoaded\",t,!1),c.addEventListener(\"load\",t,!1);function t(){if(o);else{o=!0;for(var e,t,r,s=-1!==navigator.appVersion.indexOf(\"MSIE 10\"),a=!!navigator.userAgent.match(\/Trident.*rv:11\\.\/),i=d.querySelectorAll(\"iframe.wp-embedded-content\"),n=0;n<i.length;n++){if(!(r=(t=i[n]).getAttribute(\"data-secret\")))r=Math.random().toString(36).substr(2,10),t.src+=\"#?secret=\"+r,t.setAttribute(\"data-secret\",r);if(s||a)(e=t.cloneNode(!0)).removeAttribute(\"security\"),t.parentNode.replaceChild(e,t);t.contentWindow.postMessage({message:\"ready\",secret:r},\"*\")}}}}(window,document);\n<\/script>\n","description":"Klappentext Damaskus in der zweiten H\u00e4lfte des 1. Jahrunderts: Eine kleine Gruppe von Christen beugt sich \u00fcber Papyri, die aus Galil\u00e4a, der Heimat Jesu, zu ihnen gelangt sind. Sie wollen das Ged\u00e4chtnis an die Taten ihres Herrn bewahren und zugleich seine Worte auch in ihrer Gegenwart h\u00f6rbar machen. M\u00e4nner und Frauen von j\u00fcdischer, griechischer und syrischer Herkunft \u2013 so leben sie in einer Handelsmetropole des R\u00f6mischen Reiches. Wie kann es ihnen gelingen, etwas weiter zu tragen, was es so bisher...Weiterlesen Weiterlesen"}

Klappentext Damaskus in der zweiten Hälfte des 1. Jahrunderts: Eine kleine Gruppe von Christen beugt sich über Papyri, die aus Galiläa, der Heimat Jesu, zu ihnen gelangt sind. Sie wollen das Gedächtnis an die Taten ihres Herrn bewahren und zugleich seine Worte auch in ihrer Gegenwart hörbar machen. Männer und Frauen von jüdischer, griechischer und syrischer Herkunft – so leben sie in einer Handelsmetropole des Römischen Reiches. Wie kann es ihnen gelingen, etwas weiter zu tragen, was es so bisher...Weiterlesen Weiterlesen
