{"version":"1.0","provider_name":"Steinmann Verlag","provider_url":"https:\/\/www.steinmannverlag.de\/wordpress","author_name":"admin","author_url":"https:\/\/www.steinmannverlag.de\/wordpress\/author\/admin\/","title":"Den gemeinsamen Glauben bekennen - Steinmann Verlag","type":"rich","width":600,"height":338,"html":"<blockquote class=\"wp-embedded-content\" data-secret=\"eBd0cdk6av\"><a href=\"https:\/\/www.steinmannverlag.de\/wordpress\/buecher\/den-gemeinsamen-glauben-bekennen-2\/\">Den gemeinsamen Glauben bekennen<\/a><\/blockquote><iframe sandbox=\"allow-scripts\" security=\"restricted\" src=\"https:\/\/www.steinmannverlag.de\/wordpress\/buecher\/den-gemeinsamen-glauben-bekennen-2\/embed\/#?secret=eBd0cdk6av\" width=\"600\" height=\"338\" title=\"&#8222;Den gemeinsamen Glauben bekennen&#8220; &#8211; Steinmann Verlag\" data-secret=\"eBd0cdk6av\" frameborder=\"0\" marginwidth=\"0\" marginheight=\"0\" scrolling=\"no\" class=\"wp-embedded-content\"><\/iframe><script type=\"text\/javascript\">\n\/*! This file is auto-generated *\/\n!function(c,d){\"use strict\";var e=!1,o=!1;if(d.querySelector)if(c.addEventListener)e=!0;if(c.wp=c.wp||{},c.wp.receiveEmbedMessage);else if(c.wp.receiveEmbedMessage=function(e){var t=e.data;if(!t);else if(!(t.secret||t.message||t.value));else if(\/[^a-zA-Z0-9]\/.test(t.secret));else{for(var r,s,a,i=d.querySelectorAll('iframe[data-secret=\"'+t.secret+'\"]'),n=d.querySelectorAll('blockquote[data-secret=\"'+t.secret+'\"]'),o=new RegExp(\"^https?:$\",\"i\"),l=0;l<n.length;l++)n[l].style.display=\"none\";for(l=0;l<i.length;l++)if(r=i[l],e.source!==r.contentWindow);else{if(r.removeAttribute(\"style\"),\"height\"===t.message){if(1e3<(s=parseInt(t.value,10)))s=1e3;else if(~~s<200)s=200;r.height=s}if(\"link\"===t.message)if(s=d.createElement(\"a\"),a=d.createElement(\"a\"),s.href=r.getAttribute(\"src\"),a.href=t.value,!o.test(a.protocol));else if(a.host===s.host)if(d.activeElement===r)c.top.location.href=t.value}}},e)c.addEventListener(\"message\",c.wp.receiveEmbedMessage,!1),d.addEventListener(\"DOMContentLoaded\",t,!1),c.addEventListener(\"load\",t,!1);function t(){if(o);else{o=!0;for(var e,t,r,s=-1!==navigator.appVersion.indexOf(\"MSIE 10\"),a=!!navigator.userAgent.match(\/Trident.*rv:11\\.\/),i=d.querySelectorAll(\"iframe.wp-embedded-content\"),n=0;n<i.length;n++){if(!(r=(t=i[n]).getAttribute(\"data-secret\")))r=Math.random().toString(36).substr(2,10),t.src+=\"#?secret=\"+r,t.setAttribute(\"data-secret\",r);if(s||a)(e=t.cloneNode(!0)).removeAttribute(\"security\"),t.parentNode.replaceChild(e,t);t.contentWindow.postMessage({message:\"ready\",secret:r},\"*\")}}}}(window,document);\n<\/script>\n","description":"Klappentext: DEN GEMEINSAMEN GLAUBEN BEKENNEN Die Arbeitsgemeinschaft Christlicher Kirchen in Hamburg hat vor mehr als vierzig Jahren eine \u201eTheologische Kommission\u201c eingerichtet. Sie setzt sich zusammen aus Vertretern und Vertreterinnen fast aller Konfessionen, Kirchen und Gemeinden, die zur ACK in Hamburg geh\u00f6ren. Dieses Gremium pflegt in den viermal j\u00e4hrlich stattfindenden Sitzungen und beim j\u00e4hrlichen \u00d6kumenischen Studientag der ACKH das ausf\u00fchrliche Gespr\u00e4ch \u00fcber zentrale theologische Themen. Ziel ist es, jeweils den Ertrag in eine Erkl\u00e4rung zu fassen, die ver\u00f6ffentlicht wird. Diese Erkl\u00e4rungen...Weiterlesen Weiterlesen"}

Klappentext: DEN GEMEINSAMEN GLAUBEN BEKENNEN Die Arbeitsgemeinschaft Christlicher Kirchen in Hamburg hat vor mehr als vierzig Jahren eine „Theologische Kommission“ eingerichtet. Sie setzt sich zusammen aus Vertretern und Vertreterinnen fast aller Konfessionen, Kirchen und Gemeinden, die zur ACK in Hamburg gehören. Dieses Gremium pflegt in den viermal jährlich stattfindenden Sitzungen und beim jährlichen Ökumenischen Studientag der ACKH das ausführliche Gespräch über zentrale theologische Themen. Ziel ist es, jeweils den Ertrag in eine Erklärung zu fassen, die veröffentlicht wird. Diese Erklärungen...Weiterlesen Weiterlesen
