{"version":"1.0","provider_name":"Steinmann Verlag","provider_url":"https:\/\/www.steinmannverlag.de\/wordpress","author_name":"admin","author_url":"https:\/\/www.steinmannverlag.de\/wordpress\/author\/admin\/","title":"Das Nest im Feigenbaum - Steinmann Verlag","type":"rich","width":600,"height":338,"html":"<blockquote class=\"wp-embedded-content\" data-secret=\"w1R8b0UiCS\"><a href=\"https:\/\/www.steinmannverlag.de\/wordpress\/buecher\/das-nest-im-feigenbaum\/\">Das Nest im Feigenbaum<\/a><\/blockquote><iframe sandbox=\"allow-scripts\" security=\"restricted\" src=\"https:\/\/www.steinmannverlag.de\/wordpress\/buecher\/das-nest-im-feigenbaum\/embed\/#?secret=w1R8b0UiCS\" width=\"600\" height=\"338\" title=\"&#8222;Das Nest im Feigenbaum&#8220; &#8211; Steinmann Verlag\" data-secret=\"w1R8b0UiCS\" frameborder=\"0\" marginwidth=\"0\" marginheight=\"0\" scrolling=\"no\" class=\"wp-embedded-content\"><\/iframe><script type=\"text\/javascript\">\n\/*! This file is auto-generated *\/\n!function(c,d){\"use strict\";var e=!1,o=!1;if(d.querySelector)if(c.addEventListener)e=!0;if(c.wp=c.wp||{},c.wp.receiveEmbedMessage);else if(c.wp.receiveEmbedMessage=function(e){var t=e.data;if(!t);else if(!(t.secret||t.message||t.value));else if(\/[^a-zA-Z0-9]\/.test(t.secret));else{for(var r,s,a,i=d.querySelectorAll('iframe[data-secret=\"'+t.secret+'\"]'),n=d.querySelectorAll('blockquote[data-secret=\"'+t.secret+'\"]'),o=new RegExp(\"^https?:$\",\"i\"),l=0;l<n.length;l++)n[l].style.display=\"none\";for(l=0;l<i.length;l++)if(r=i[l],e.source!==r.contentWindow);else{if(r.removeAttribute(\"style\"),\"height\"===t.message){if(1e3<(s=parseInt(t.value,10)))s=1e3;else if(~~s<200)s=200;r.height=s}if(\"link\"===t.message)if(s=d.createElement(\"a\"),a=d.createElement(\"a\"),s.href=r.getAttribute(\"src\"),a.href=t.value,!o.test(a.protocol));else if(a.host===s.host)if(d.activeElement===r)c.top.location.href=t.value}}},e)c.addEventListener(\"message\",c.wp.receiveEmbedMessage,!1),d.addEventListener(\"DOMContentLoaded\",t,!1),c.addEventListener(\"load\",t,!1);function t(){if(o);else{o=!0;for(var e,t,r,s=-1!==navigator.appVersion.indexOf(\"MSIE 10\"),a=!!navigator.userAgent.match(\/Trident.*rv:11\\.\/),i=d.querySelectorAll(\"iframe.wp-embedded-content\"),n=0;n<i.length;n++){if(!(r=(t=i[n]).getAttribute(\"data-secret\")))r=Math.random().toString(36).substr(2,10),t.src+=\"#?secret=\"+r,t.setAttribute(\"data-secret\",r);if(s||a)(e=t.cloneNode(!0)).removeAttribute(\"security\"),t.parentNode.replaceChild(e,t);t.contentWindow.postMessage({message:\"ready\",secret:r},\"*\")}}}}(window,document);\n<\/script>\n","description":"Christa M\u00f6bius, emeritierte Pastorin der Evangelisch-Lutherischen Kirche in Norddeutschland, wendet sich in ihrem neuen Buch der Frage der Entstehung und Entwicklung der ersten christlichen Gemeinden in Galil\u00e4a und Jud\u00e4a zu. Dabei geht sie davon aus, dass den Briefen des Apostels Paulus viele Informationen \u00fcber die Gemeinden in Rom, Korinth, Ephesus und Philippi zu entnehmen sind und der Apostelgeschichte \u00fcber die Urgemeinde in Jerusalem, \u00fcber die ersten galil\u00e4ischen und jud\u00e4ischen Gemeinden dagegen nur wenig in den Schriften des Neuen Testaments steht....Weiterlesen Weiterlesen"}

Christa Möbius, emeritierte Pastorin der Evangelisch-Lutherischen Kirche in Norddeutschland, wendet sich in ihrem neuen Buch der Frage der Entstehung und Entwicklung der ersten christlichen Gemeinden in Galiläa und Judäa zu. Dabei geht sie davon aus, dass den Briefen des Apostels Paulus viele Informationen über die Gemeinden in Rom, Korinth, Ephesus und Philippi zu entnehmen sind und der Apostelgeschichte über die Urgemeinde in Jerusalem, über die ersten galiläischen und judäischen Gemeinden dagegen nur wenig in den Schriften des Neuen Testaments steht....Weiterlesen Weiterlesen
